r?
False
Is 14515 prime?
False
Is 258745805 a prime number?
False
Is 183203483 prime?
True
Is 468123 composite?
True
Is 825593 a prime number?
True
Is 5718787 a prime number?
False
Is 30651547 prime?
True
Is 41877697 a prime number?
True
Is 1646213 a composite number?
True
Is 1326037 a prime number?
True
Is 79744982 a composite number?
True
Is 11979029 prime?
True
Is 6828799 a prime number?
False
Is 45084509 a composite number?
True
Is 309910943 composite?
False
Is 5283601 composite?
False
Is 2042689 composite?
True
Is 10747439 prime?
True
Is 2745361 composite?
False
Is 502162189 composite?
False
Is 1654307 a composite number?
True
Is 296987777 composite?
True
Is 1705661 a composite number?
True
Is 3245951 a prime number?
True
Is 52284311 a composite number?
False
Is 8308693 composite?
False
Is 44439839 a composite number?
False
Is 154006507 prime?
True
Is 1209449 composite?
True
Is 64261427 composite?
False
Is 80146106 a composite number?
True
Is 930913 prime?
False
Is 5526523 prime?
False
Is 5423057 a composite number?
False
Is 150659 a prime number?
True
Is 9315067 a prime number?
True
Is 1413457 a prime number?
False
Is 161688971 composite?
True
Is 6739717 composite?
True
Is 4323293 a prime number?
False
Is 445145477 a composite number?
True
Is 4401941 a prime number?
True
Is 14095127 prime?
True
Is 20965361 a prime number?
True
Is 1997339 a composite number?
False
Is 5976017 prime?
True
Is 208189 a composite number?
False
Is 31296253 composite?
False
Is 20398681 composite?
True
Is 51326291 a prime number?
False
Is 145665895 a composite number?
True
Is 11504437 composite?
True
Is 984527 a composite number?
True
Is 13211623 composite?
False
Is 36347449 a composite number?
False
Is 141516421 prime?
False
Is 282959 a prime number?
True
Is 32393617 a composite number?
False
Is 336967 a composite number?
True
Is 4740971 a composite number?
False
Is 146212261 a prime number?
False
Is 28049251 a composite number?
True
Is 15968521 prime?
True
Is 6913022 a prime number?
False
Is 70429157 a composite number?
False
Is 2178937 a composite number?
False
Is 130286165 a prime number?
False
Is 56742211 composite?
True
Is 59642567 a prime number?
False
Is 1765552933 a prime number?
False
Is 27313267 composite?
False
Is 206410051 composite?
False
Is 5557613 composite?
False
Is 9690515 composite?
True
Is 3874919 prime?
True
Is 63939947 prime?
True
Is 70306909 a composite number?
True
Is 2284537 a composite number?
False
Is 6790909 a prime number?
False
Is 124131017 prime?
False
Is 27755087 a composite number?
True
Is 2527111 prime?
True
Is 1439413 composite?
False
Is 3574339 a composite number?
True
Is 15056429 a composite number?
False
Is 21841597 prime?
False
Is 21269741 a composite number?
False
Is 17165983 prime?
False
Is 7996829 prime?
False
Is 18576113 composite?
False
Is 400447 a prime number?
False
Is 59840621 a prime number?
True
Is 1820517 a composite number?
True
Is 246444851 prime?
True
Is 17804749 prime?
True
Is 2640497 composite?
False
Is 9795047 a composite number?
True
Is 160371689 a composite number?
False
Is 22154081 prime?
True
Is 186176891 composite?
True
Is 51984661 composite?
True
Is 224395051 a composite number?
False
Is 11158247 prime?
False
Is 21855737 a composite number?
False
Is 3975437 a prime number?
True
Is 17552905 composite?
True
Is 43679859 a prime number?
False
Is 297395097 prime?
False
Is 1890869 a composite number?
False
Is 7215323 a composite number?
False
Is 72943786 a prime number?
False
Is 57246071 a composite number?
False
Is 4063061 composite?
False
Is 244765291 composite?
False
Is 697579 composite?
False
Is 478657 a composite number?
True
Is 10355509 a prime number?
True
Is 42330467 composite?
False
Is 1219541051 composite?
True
Is 283016287 a composite number?
False
Is 13699661 a composite number?
True
Is 26640191 prime?
False
Is 4922677 a composite number?
False
Is 108457889 composite?
False
Is 327653 composite?
True
Is 1842241 composite?
True
Is 41948303 prime?
True
Is 19808389 prime?
True
Is 38833307 a prime number?
True
Is 49470721 a composite number?
False
Is 8923 a prime number?
True
Is 957091 prime?
True
Is 43870723 a prime number?
False
Is 90835837 prime?
True
Is 449879 a composite number?
False
Is 1890761 a composite number?
True
Is 5171047 composite?
True
Is 464080597 a composite number?
False
Is 2487977 a composite number?
False
Is 57606629 a prime number?
True
Is 4209451 a composite number?
False
Is 222373421 prime?
False
Is 6698351 a composite number?
True
Is 20917597 a prime number?
True
Is 3452881 a prime number?
True
Is 504628979 a prime number?
True
Is 1099031 composite?
False
Is 224713997 a prime number?
True
Is 7509214 prime?
False
Is 216983 prime?
False
Is 25118947 a prime number?
False
Is 12058757 a composite number?
False
Is 223264018 a prime number?
False
Is 22682279 composite?
False
Is 2285093 a composite number?
True
Is 72278891 composite?
True
Is 3339511 a prime number?
False
Is 12410899 a composite number?
False
Is 297065309 composite?
True
Is 1439651 a composite number?
False
Is 111350821 a composite number?
False
Is 421691 composite?
False
Is 59485799 a composite number?
True
Is 1566449 a prime number?
True
Is 51052255 composite?
True
Is 2495599 composite?
False
Is 20210539 a composite number?
False
Is 6425329 a prime number?
True
Is 83797453 prime?
True
Is 15947509 prime?
True
Is 37350389 a prime number?
True
Is 4602713 a composite number?
False
Is 38934319 a composite number?
False
Is 10442657 prime?
True
Is 6788521 a prime number?
True
Is 86577089 a composite number?
False
Is 272599 a prime number?
False
Is 1025471 a composite number?
True
Is 3544559 composite?
False
Is 87977 a composite number?
False
Is 556667 a composite number?
True
Is 480961 a prime number?
False
Is 8869283 composite?
True
Is 13555999 a composite number?
False
Is 37344443 prime?
False
Is 1521557 prime?
False
Is 18349439 a composite number?
False
Is 90697597 a prime number?
True
Is 474611 prime?
False
Is 15772801 prime?
False
Is 1940359 a composite number?
True
Is 254024063 composite?
False
Is 10555399 a composite number?
False
Is 2497459 a composite number?
True
Is 7922779 composite?
False
Is 5036851 composite?
False
Is 706417 composite?
False
Is 3002017 a prime number?
False
Is 6724931 a composite number?
False
Is 822329 a prime number?
True
Is 2048897 prime?
True
Is 36409543 composite?
False
Is 5074733 a composite number?
False
Is 323036871 a composite number?
True
Is 12399789 composite?
True
Is 234650333 a composite number?
False
Is 11221157 a prime number?
False
Is 1929209 composite?
True
Is 49367534 a prime number?
False
Is 817701 a composite number?
True
Is 198046741 composite?
False
Is 143117881 prime?
True
Is 4443463 composite?
False
Is 2714377 a prime number?
True
Is 78572707 a prime number?
True
Is 6925651 a composite number?
True
Is 33252643 a prime number?
True
Is 214233 a prime number?
False
Is 25165271 composite?
True
Is 33820609 a composite number?
False
Is 70051 a composite number?
False
Is 182617547 a composite number?
True
Is 207736021 a prime number?
False
Is 250479017 a prime number?
True
Is 5561386 a prime number?
False
Is 11312033 a composite number?
False
Is 12653903 prime?
True
Is 25829393 a prime number?
True
Is 7003171 composite?
True
Is 996131 prime?
False
Is 527563 composite?
False
Is 997621 a prime number?
False
Is 1282651 composite?
True
Is 1047787 a prime number?
False
Is 81452705 a composite number?
True
Is 4095703 a composite number?
False
Is 210473 prime?
False
Is 258473 composite?
True
Is 516966259 composite?
False
Is 99116117 a prime number?
False
Is 158710597 composite?
True
Is 194767 prime?
True
Is 262284331 prime?
False
Is 204592811 a prime number?
True
Is 5114651 composite?
True
Is 1297841 composite?
False
Is 88205119 composite?
True
Is 37108289 a composite number?
True
Is 710159 a composite number?
True
Is 11061397 prime?
True
Is 559586849 a prime number?
False
Is 86034215 a composite number?
True
Is 148795459 a prime number?
True
Is 35439071 composite?
False
Is 3920018 a composite number?
True
Is 96027013 composite?
True
Is 38557919 prime?
True
Is 36929063 a composite number?
True
Is 1499053 prime?
True
Is 4996679 a composite number?
False
Is 22352903 a composite num